
Is 18480327 composite?
True
Is 1625641 composite?
True
Is 883254215 prime?
False
Is 11835913 composite?
True
Is 605539 prime?
False
Is 29280071 composite?
False
Is 3577351 a prime number?
False
Is 995257 prime?
False
Is 42848327 a composite number?
True
Is 1798831 prime?
False
Is 1097041277 a composite number?
True
Is 10844719 prime?
True
Is 141207509 a composite number?
False
Is 436094107 composite?
False
Is 6703121 a prime number?
False
Is 624686 composite?
True
Is 132630071 prime?
False
Is 102687491 composite?
False
Is 1609367 a composite number?
False
Is 22131983 composite?
False
Is 68800769 a composite number?
False
Is 765130001 a composite number?
True
Is 45223253 a composite number?
False
Is 1111345 prime?
False
Is 678423 a prime number?
False
Is 4608337 a composite number?
False
Is 45403 a composite number?
False
Is 88388873 composite?
True
Is 2399879 a prime number?
False
Is 9646381 composite?
True
Is 1809629 prime?
False
Is 86701553 a prime number?
True
Is 278067431 a composite number?
True
Is 2877599 composite?
True
Is 215782219 a composite number?
True
Is 131920721 composite?
False
Is 2611657 a prime number?
False
Is 6324133 prime?
False
Is 88496591 composite?
True
Is 787940651 prime?
True
Is 107691443 a composite number?
True
Is 399311021 prime?
True
Is 2485778 a composite number?
True
Is 163464727 prime?
True
Is 408503359 composite?
True
Is 83465762 prime?
False
Is 21787807 a prime number?
True
Is 138737191 prime?
True
Is 197682437 composite?
False
Is 2673929 prime?
True
Is 43253693 prime?
False
Is 3786197 composite?
False
Is 36395971 a composite number?
False
Is 65485243 prime?
False
Is 145842791 a prime number?
True
Is 15886711 a prime number?
True
Is 621317 a prime number?
True
Is 85258957 prime?
False
Is 102623 prime?
False
Is 1158523 a prime number?
True
Is 2874107 a prime number?
True
Is 172668661 prime?
False
Is 61936337 a composite number?
False
Is 3169211 a prime number?
True
Is 156781 a prime number?
True
Is 2917511 a prime number?
True
Is 19738789 composite?
True
Is 83006309 prime?
True
Is 159404123 a prime number?
True
Is 254131 a prime number?
False
Is 396896329 composite?
False
Is 36206441 a composite number?
False
Is 112433771 composite?
False
Is 383543 a prime number?
False
Is 252937939 a prime number?
True
Is 896669 prime?
True
Is 58759 composite?
True
Is 6127603 composite?
False
Is 2853533 a composite number?
False
Is 4302931 a prime number?
True
Is 67630601 composite?
True
Is 31553579 composite?
True
Is 6319943 prime?
False
Is 30674477 a prime number?
False
Is 2191613 a composite number?
True
Is 8657911 a prime number?
False
Is 65840633 composite?
False
Is 73319921 composite?
False
Is 1011091 a prime number?
True
Is 818093 composite?
False
Is 28392977 composite?
False
Is 167284603 composite?
True
Is 695899 a composite number?
False
Is 62816177 a prime number?
False
Is 7357661 a prime number?
True
Is 2556713 composite?
False
Is 33488369 prime?
True
Is 499943 prime?
True
Is 34870471 a composite number?
True
Is 2795465 a composite number?
True
Is 18182347 a prime number?
False
Is 1818669 prime?
False
Is 93170989 a prime number?
True
Is 137599619 composite?
False
Is 18763207 composite?
False
Is 31376171 a composite number?
False
Is 128069 a composite number?
True
Is 1623903 a composite number?
True
Is 81155249 prime?
False
Is 714325721 a composite number?
False
Is 153082783 a prime number?
False
Is 53585243 a composite number?
True
Is 4615601 composite?
False
Is 38507501 prime?
True
Is 886589 composite?
True
Is 8151223 composite?
True
Is 2134727 composite?
True
Is 667757 a composite number?
True
Is 18770509 a prime number?
False
Is 23859371 composite?
False
Is 334070153 composite?
True
Is 118911203 composite?
False
Is 3529873 a prime number?
True
Is 4619647 composite?
False
Is 10957559 prime?
False
Is 68400889 a prime number?
True
Is 101122397 prime?
True
Is 2427797 prime?
True
Is 193400267 prime?
True
Is 49366619 a prime number?
True
Is 110363339 a prime number?
False
Is 6882973 a composite number?
True
Is 10101769 a prime number?
True
Is 1802063 composite?
True
Is 17415647 a prime number?
False
Is 478399 a composite number?
False
Is 22781879 a prime number?
False
Is 5050835 prime?
False
Is 656333 a prime number?
True
Is 81669719 prime?
True
Is 4024957 a prime number?
True
Is 4430851 a prime number?
True
Is 116306413 a prime number?
True
Is 105873679 a composite number?
False
Is 287977 a composite number?
False
Is 5253431 a composite number?
False
Is 958627 a prime number?
True
Is 759406639 a composite number?
False
Is 8914799 a prime number?
True
Is 1940445367 a prime number?
False
Is 67242817 a composite number?
True
Is 6271541 composite?
True
Is 453711 a prime number?
False
Is 39608401 composite?
True
Is 3259093 composite?
True
Is 3773993 a composite number?
False
Is 138796553 prime?
False
Is 1645063 a composite number?
True
Is 83202089 prime?
False
Is 14042239 a composite number?
True
Is 7403477 prime?
False
Is 46211 a composite number?
True
Is 445731757 a prime number?
True
Is 131419289 a prime number?
False
Is 21351053 prime?
True
Is 310768729 prime?
True
Is 400529 composite?
True
Is 99359879 a prime number?
False
Is 919409 a composite number?
False
Is 66855149 a prime number?
True
Is 1754801 prime?
True
Is 109237237 a prime number?
True
Is 249597983 a composite number?
True
Is 126676223 a prime number?
False
Is 561522919 composite?
False
Is 49978039 a prime number?
False
Is 58811549 prime?
True
Is 5135401 prime?
True
Is 7413911 composite?
True
Is 1826449 a prime number?
False
Is 3027793 prime?
True
Is 391535 composite?
True
Is 9323447 prime?
False
Is 13020607 composite?
False
Is 518393 prime?
False
Is 38202833 a prime number?
False
Is 54243919 composite?
False
Is 581197 a composite number?
False
Is 64638143 composite?
False
Is 3667201 composite?
False
Is 36690779 prime?
True
Is 513373537 a composite number?
False
Is 448657 prime?
False
Is 66121871 a prime number?
True
Is 4260167 prime?
True
Is 147422591 a prime number?
False
Is 2048339 a composite number?
False
Is 6458681 prime?
True
Is 86404462 a prime number?
False
Is 76030781 prime?
True
Is 6712129 prime?
True
Is 4640291 a composite number?
True
Is 3940537 a composite number?
True
Is 46229 a composite number?
False
Is 295523057 composite?
False
Is 58411897 composite?
True
Is 2675677 composite?
True
Is 44392499 a prime number?
True
Is 70307003 prime?
False
Is 231749 a composite number?
True
Is 321004351 a composite number?
False
Is 382259 prime?
False
Is 154903927 a composite number?
False
Is 406363791 a composite number?
True
Is 26790053 a prime number?
True
Is 5983169 a prime number?
True
Is 20429303 a prime number?
False
Is 15194051 prime?
False
Is 345587107 prime?
True
Is 6461041 prime?
True
Is 21527987 prime?
False
Is 29706779 prime?
False
Is 23534191 prime?
False
Is 333553 composite?
True
Is 87879529 composite?
False
Is 17786029 a composite number?
True
Is 311500327 a prime number?
True
Is 147518929 composite?
False
Is 49357033 prime?
False
Is 19257661 a prime number?
True
Is 54611239 composite?
True
Is 887045 a prime number?
False
Is 4958465 prime?
False
Is 13014773 a prime number?
False
Is 75315551 a composite number?
False
Is 834181 composite?
False
Is 628171 composite?
False
Is 139820081 a composite number?
False
Is 41439733 a prime number?
True
Is 812670883 composite?
True
Is 800911 a composite number?
True
Is 17327399 composite?
False
Is 49761731 prime?
True
Is 2382449 prime?
True
Is 1450627 a prime number?
False
Is 119122079 a composite number?
False
Is 48895787 a composite number?
True
Is 35230441 prime?
True
Is 8117077 composite?
False
Is 140835845 a composite number?
True
Is 11449427 a prime number?
False
Is 52978697 a composite number?
True
Is 27185141 a composite number?
False
Is 18841063 prime?
False
Is 6083837 composite?
False
Is 6166969 a prime number?
False
Is 860740955 composite?
True
Is 30339413 composite?
True
Is 12967391 a prime number?
False
Is 59325089 prime?
True
Is 5422777 composite?
False
Is 119353097 composite?
True
Is 53667301 prime?
True
Is 4654295 a prime number?
False
Is 5282119 prime?
True
Is 80175311 a prime number?
True
Is 25810649 a composite number?
False
Is 13280641 a prime number?
False
Is 75727 composite?
